{"id":1937,"date":"2018-07-26T10:12:12","date_gmt":"2018-07-26T17:12:12","guid":{"rendered":"http:\/\/mex.20.83.180.136.nip.io\/wp-content\/uploads\/sites\/2\/2018\/07\/feria_dental.jpg"},"modified":"2018-07-26T10:12:12","modified_gmt":"2018-07-26T17:12:12","slug":"feria_dental","status":"inherit","type":"attachment","link":"https:\/\/www.berry.net\/mex\/iniciara-manana-la-feria-dental-en-san-quintin\/feria_dental\/","title":{"rendered":"feria_dental"},"author":5,"featured_media":0,"comment_status":"closed","ping_status":"closed","template":"","meta":[],"class_list":["post-1937","attachment","type-attachment","status-inherit","hentry","wpautop"],"yoast_head":"<!-- This site is optimized with the Yoast SEO plugin v27.9 - https:\/\/yoast.com\/product\/yoast-seo-wordpress\/ -->\n<title>feria_dental - BerryMex<\/title>\n<meta name=\"robots\" content=\"index, follow, max-snippet:-1, max-image-preview:large, max-video-preview:-1\" \/>\n<link rel=\"canonical\" href=\"https:\/\/www.berry.net\/mex\/wp-content\/uploads\/sites\/2\/2018\/07\/feria_dental.jpg\" \/>\n<script type=\"application\/ld+json\" class=\"yoast-schema-graph\">{\"@context\":\"https:\\\/\\\/schema.org\",\"@graph\":[{\"@type\":\"WebPage\",\"@id\":\"https:\\\/\\\/www.berry.net\\\/mex\\\/wp-content\\\/uploads\\\/sites\\\/2\\\/2018\\\/07\\\/feria_dental.jpg\",\"url\":\"https:\\\/\\\/www.berry.net\\\/mex\\\/wp-content\\\/uploads\\\/sites\\\/2\\\/2018\\\/07\\\/feria_dental.jpg\",\"name\":\"feria_dental - BerryMex\",\"isPartOf\":{\"@id\":\"https:\\\/\\\/www.berry.net\\\/mex\\\/#website\"},\"datePublished\":\"2018-07-26T17:12:12+00:00\",\"breadcrumb\":{\"@id\":\"https:\\\/\\\/www.berry.net\\\/mex\\\/wp-content\\\/uploads\\\/sites\\\/2\\\/2018\\\/07\\\/feria_dental.jpg#breadcrumb\"},\"inLanguage\":\"es\",\"potentialAction\":[{\"@type\":\"ReadAction\",\"target\":[\"https:\\\/\\\/www.berry.net\\\/mex\\\/wp-content\\\/uploads\\\/sites\\\/2\\\/2018\\\/07\\\/feria_dental.jpg\"]}]},{\"@type\":\"BreadcrumbList\",\"@id\":\"https:\\\/\\\/www.berry.net\\\/mex\\\/wp-content\\\/uploads\\\/sites\\\/2\\\/2018\\\/07\\\/feria_dental.jpg#breadcrumb\",\"itemListElement\":[{\"@type\":\"ListItem\",\"position\":1,\"name\":\"Home\",\"item\":\"https:\\\/\\\/www.berry.net\\\/mex\\\/\"},{\"@type\":\"ListItem\",\"position\":2,\"name\":\"Iniciar\u00e1 ma\u00f1ana la feria dental en San Quint\u00edn\",\"item\":\"https:\\\/\\\/www.berry.net\\\/mex\\\/iniciara-manana-la-feria-dental-en-san-quintin\\\/\"},{\"@type\":\"ListItem\",\"position\":3,\"name\":\"feria_dental\"}]},{\"@type\":\"WebSite\",\"@id\":\"https:\\\/\\\/www.berry.net\\\/mex\\\/#website\",\"url\":\"https:\\\/\\\/www.berry.net\\\/mex\\\/\",\"name\":\"BerryMex\",\"description\":\"\",\"potentialAction\":[{\"@type\":\"SearchAction\",\"target\":{\"@type\":\"EntryPoint\",\"urlTemplate\":\"https:\\\/\\\/www.berry.net\\\/mex\\\/?s={search_term_string}\"},\"query-input\":{\"@type\":\"PropertyValueSpecification\",\"valueRequired\":true,\"valueName\":\"search_term_string\"}}],\"inLanguage\":\"es\"}]}<\/script>\n<!-- \/ Yoast SEO plugin. -->","yoast_head_json":{"title":"feria_dental - BerryMex","robots":{"index":"index","follow":"follow","max-snippet":"max-snippet:-1","max-image-preview":"max-image-preview:large","max-video-preview":"max-video-preview:-1"},"canonical":"https:\/\/www.berry.net\/mex\/wp-content\/uploads\/sites\/2\/2018\/07\/feria_dental.jpg","schema":{"@context":"https:\/\/schema.org","@graph":[{"@type":"WebPage","@id":"https:\/\/www.berry.net\/mex\/wp-content\/uploads\/sites\/2\/2018\/07\/feria_dental.jpg","url":"https:\/\/www.berry.net\/mex\/wp-content\/uploads\/sites\/2\/2018\/07\/feria_dental.jpg","name":"feria_dental - BerryMex","isPartOf":{"@id":"https:\/\/www.berry.net\/mex\/#website"},"datePublished":"2018-07-26T17:12:12+00:00","breadcrumb":{"@id":"https:\/\/www.berry.net\/mex\/wp-content\/uploads\/sites\/2\/2018\/07\/feria_dental.jpg#breadcrumb"},"inLanguage":"es","potentialAction":[{"@type":"ReadAction","target":["https:\/\/www.berry.net\/mex\/wp-content\/uploads\/sites\/2\/2018\/07\/feria_dental.jpg"]}]},{"@type":"BreadcrumbList","@id":"https:\/\/www.berry.net\/mex\/wp-content\/uploads\/sites\/2\/2018\/07\/feria_dental.jpg#breadcrumb","itemListElement":[{"@type":"ListItem","position":1,"name":"Home","item":"https:\/\/www.berry.net\/mex\/"},{"@type":"ListItem","position":2,"name":"Iniciar\u00e1 ma\u00f1ana la feria dental en San Quint\u00edn","item":"https:\/\/www.berry.net\/mex\/iniciara-manana-la-feria-dental-en-san-quintin\/"},{"@type":"ListItem","position":3,"name":"feria_dental"}]},{"@type":"WebSite","@id":"https:\/\/www.berry.net\/mex\/#website","url":"https:\/\/www.berry.net\/mex\/","name":"BerryMex","description":"","potentialAction":[{"@type":"SearchAction","target":{"@type":"EntryPoint","urlTemplate":"https:\/\/www.berry.net\/mex\/?s={search_term_string}"},"query-input":{"@type":"PropertyValueSpecification","valueRequired":true,"valueName":"search_term_string"}}],"inLanguage":"es"}]}},"description":{"rendered":"<p class=\"attachment\"><a href='https:\/\/www.berry.net\/mex\/wp-content\/uploads\/sites\/2\/2018\/07\/feria_dental.jpg'><img loading=\"lazy\" decoding=\"async\" width=\"300\" height=\"194\" src=\"https:\/\/www.berry.net\/mex\/wp-content\/uploads\/sites\/2\/2018\/07\/feria_dental-300x194.jpg\" class=\"attachment-medium size-medium\" alt=\"\" srcset=\"https:\/\/www.berry.net\/mex\/wp-content\/uploads\/sites\/2\/2018\/07\/feria_dental-300x194.jpg 300w, https:\/\/www.berry.net\/mex\/wp-content\/uploads\/sites\/2\/2018\/07\/feria_dental-624x404.jpg 624w, https:\/\/www.berry.net\/mex\/wp-content\/uploads\/sites\/2\/2018\/07\/feria_dental.jpg 640w\" sizes=\"auto, (max-width: 300px) 100vw, 300px\" \/><\/a><\/p>\n"},"caption":{"rendered":""},"alt_text":"","media_type":"image","mime_type":"image\/jpeg","media_details":{"width":640,"height":414,"file":"2018\/07\/feria_dental.jpg","sizes":{"thumbnail":{"file":"feria_dental-150x150.jpg","width":150,"height":150,"mime_type":"image\/jpeg","source_url":"https:\/\/www.berry.net\/mex\/wp-content\/uploads\/sites\/2\/2018\/07\/feria_dental-150x150.jpg"},"medium":{"file":"feria_dental-300x194.jpg","width":300,"height":194,"mime_type":"image\/jpeg","source_url":"https:\/\/www.berry.net\/mex\/wp-content\/uploads\/sites\/2\/2018\/07\/feria_dental-300x194.jpg"},"post-thumbnail":{"file":"feria_dental-624x404.jpg","width":624,"height":404,"mime_type":"image\/jpeg","source_url":"https:\/\/www.berry.net\/mex\/wp-content\/uploads\/sites\/2\/2018\/07\/feria_dental-624x404.jpg"},"full":{"file":"feria_dental.jpg","width":640,"height":414,"mime_type":"image\/jpeg","source_url":"https:\/\/www.berry.net\/mex\/wp-content\/uploads\/sites\/2\/2018\/07\/feria_dental.jpg"}},"image_meta":{"aperture":"0","credit":"","camera":"","caption":"","created_timestamp":"0","copyright":"","focal_length":"0","iso":"0","shutter_speed":"0","title":"","orientation":"1","keywords":[]}},"post":1935,"source_url":"https:\/\/www.berry.net\/mex\/wp-content\/uploads\/sites\/2\/2018\/07\/feria_dental.jpg","filename":"feria_dental.jpg","filesize":171897,"_links":{"self":[{"href":"https:\/\/www.berry.net\/mex\/wp-json\/wp\/v2\/media\/1937","targetHints":{"allow":["GET"]}}],"collection":[{"href":"https:\/\/www.berry.net\/mex\/wp-json\/wp\/v2\/media"}],"about":[{"href":"https:\/\/www.berry.net\/mex\/wp-json\/wp\/v2\/types\/attachment"}],"author":[{"embeddable":true,"href":"https:\/\/www.berry.net\/mex\/wp-json\/wp\/v2\/users\/5"}],"replies":[{"embeddable":true,"href":"https:\/\/www.berry.net\/mex\/wp-json\/wp\/v2\/comments?post=1937"}],"wp:attached-to":[{"embeddable":true,"post_type":"post","id":1935,"href":"https:\/\/www.berry.net\/mex\/wp-json\/wp\/v2\/posts\/1935"}],"curies":[{"name":"wp","href":"https:\/\/api.w.org\/{rel}","templated":true}]}}

<!-- This site is optimized with the Yoast SEO plugin v27.9 - https://yoast.com/product/yoast-seo-wordpress/ -->
<title>feria_dental - BerryMex</title>
<meta name="robots" content="index, follow, max-snippet:-1, max-image-preview:large, max-video-preview:-1" />
<link rel="canonical" href="https://www.berry.net/mex/wp-content/uploads/sites/2/2018/07/feria_dental.jpg" />
<script type="application/ld+json" class="yoast-schema-graph">{"@context":"https:\/\/schema.org","@graph":[{"@type":"WebPage","@id":"https:\/\/www.berry.net\/mex\/wp-content\/uploads\/sites\/2\/2018\/07\/feria_dental.jpg","url":"https:\/\/www.berry.net\/mex\/wp-content\/uploads\/sites\/2\/2018\/07\/feria_dental.jpg","name":"feria_dental - BerryMex","isPartOf":{"@id":"https:\/\/www.berry.net\/mex\/#website"},"datePublished":"2018-07-26T17:12:12+00:00","breadcrumb":{"@id":"https:\/\/www.berry.net\/mex\/wp-content\/uploads\/sites\/2\/2018\/07\/feria_dental.jpg#breadcrumb"},"inLanguage":"es","potentialAction":[{"@type":"ReadAction","target":["https:\/\/www.berry.net\/mex\/wp-content\/uploads\/sites\/2\/2018\/07\/feria_dental.jpg"]}]},{"@type":"BreadcrumbList","@id":"https:\/\/www.berry.net\/mex\/wp-content\/uploads\/sites\/2\/2018\/07\/feria_dental.jpg#breadcrumb","itemListElement":[{"@type":"ListItem","position":1,"name":"Home","item":"https:\/\/www.berry.net\/mex\/"},{"@type":"ListItem","position":2,"name":"Iniciará mañana la feria dental en San Quintín","item":"https:\/\/www.berry.net\/mex\/iniciara-manana-la-feria-dental-en-san-quintin\/"},{"@type":"ListItem","position":3,"name":"feria_dental"}]},{"@type":"WebSite","@id":"https:\/\/www.berry.net\/mex\/#website","url":"https:\/\/www.berry.net\/mex\/","name":"BerryMex","description":"","potentialAction":[{"@type":"SearchAction","target":{"@type":"EntryPoint","urlTemplate":"https:\/\/www.berry.net\/mex\/?s={search_term_string}"},"query-input":{"@type":"PropertyValueSpecification","valueRequired":true,"valueName":"search_term_string"}}],"inLanguage":"es"}]}</script>
<!-- / Yoast SEO plugin. -->

Iniciará mañana la feria dental en San Quintín
